False
Is 772435 a multiple of 39?
False
Does 458 divide 28096555?
False
Is 19 a factor of 234685948?
True
Does 1267 divide 63716163?
True
Is 5392604 a multiple of 29?
False
Does 8 divide 19916705?
False
Does 258 divide 105034306?
False
Is 14 a factor of 1079016079?
False
Is 37240303 a multiple of 77?
False
Is 92 a factor of 74041356?
False
Is 191815426 a multiple of 254?
False
Is 8198418 a multiple of 581?
False
Does 48 divide 15139440?
True
Is 29210347 a multiple of 7?
False
Does 150 divide 71827391?
False
Does 41 divide 31895212?
True
Does 105 divide 352682715?
True
Is 111320440 a multiple of 470?
True
Does 95 divide 306634799?
False
Is 39235432 a multiple of 207?
False
Is 358448220 a multiple of 13?
True
Is 197687568 a multiple of 164?
True
Does 114 divide 53895897?
False
Does 20 divide 9022443?
False
Is 27645473 a multiple of 1566?
False
Is 491 a factor of 42293267?
True
Is 12 a factor of 8335032417?
False
Is 407077669 a multiple of 1254?
False
Is 128985896 a multiple of 559?
True
Is 95858937 a multiple of 9?
True
Is 11 a factor of 289698926?
True
Is 174 a factor of 794090124?
False
Is 9 a factor of 37328336?
False
Does 252 divide 6489252?
True
Is 5070926 a multiple of 35?
False
Does 887 divide 194153656?
True
Does 6 divide 20271812?
False
Is 201729983 a multiple of 13?
True
Does 117 divide 819849794?
False
Is 198213869 a multiple of 29?
True
Does 1956 divide 538902518?
False
Does 1082 divide 1600329?
False
Does 3735 divide 198605502?
False
Does 2779 divide 966958608?
True
Is 6488 a factor of 219631776?
True
Is 119405253 a multiple of 312?
False
Is 5784 a factor of 919031328?
True
Is 136 a factor of 425601935?
False
Is 531 a factor of 1485175671?
True
Is 91 a factor of 261793813?
False
Does 2 divide 2870333?
False
Is 21187252 a multiple of 142?
True
Is 23 a factor of 9320773?
True
Does 9418 divide 987373702?
True
Does 4 divide 843865584?
True
Is 2118 a factor of 46422324?
True
Does 59 divide 170029395?
False
Is 107 a factor of 190541062?
False
Is 86456476 a multiple of 2905?
False
Does 56 divide 26225864?
True
Does 583 divide 162273459?
False
Is 30 a factor of 13828627?
False
Does 12 divide 3879000?
True
Does 853 divide 38641288?
False
Does 21 divide 9272025?
True
Is 42 a factor of 97087882?
False
Is 11165171 a multiple of 201?
False
Does 36 divide 30068712?
True
Is 1459 a factor of 53148695?
False
Is 333598716 a multiple of 2484?
True
Does 153 divide 20320412?
False
Is 23214586 a multiple of 384?
False
Is 231524101 a multiple of 102?
False
Is 12 a factor of 126491124?
True
Is 477 a factor of 1398371951?
False
Is 355027117 a multiple of 6?
False
Does 14 divide 246949080?
True
Is 605 a factor of 2316159010?
True
Is 1255781670 a multiple of 221?
True
Is 72 a factor of 250760952?
True
Is 194188273 a multiple of 811?
True
Is 16 a factor of 128594304?
True
Does 10 divide 387088280?
True
Is 8 a factor of 26422205?
False
Is 493989433 a multiple of 1519?
True
Does 260 divide 167772020?
True
Is 1039385490 a multiple of 48?
False
Does 1713 divide 1711322973?
True
Does 799 divide 137581333?
False
Does 14 divide 335749762?
False
Is 5312 a factor of 378256896?
True
Is 10 a factor of 22047490?
True
Is 17391816 a multiple of 442?
True
Is 3203520 a multiple of 47?
True
Is 716 a factor of 242282228?
True
Is 5053910 a multiple of 416?
False
Does 374 divide 27943266?
False
Is 1373036089 a multiple of 1787?
True
Is 651973875 a multiple of 35?
True
Is 4256675150 a multiple of 175?
True
Is 53623947 a multiple of 109?
False
Is 163 a factor of 35955844?
True
Is 9 a factor of 599386717?
False
Is 1838 a factor of 2007842015?
False
Does 2240 divide 650711040?
True
Is 17 a factor of 51243041?
False
Is 103313243 a multiple of 1885?
False
Is 593 a factor of 9337378?
True
Is 3619129236 a multiple of 52?
False
Is 41895450 a multiple of 50?
True
Is 16924152 a multiple of 1538?
True
Is 50 a factor of 6409500?
True
Is 13631616 a multiple of 72?
True
Is 896600880 a multiple of 5170?
False
Is 29503817 a multiple of 87?
False
Is 1522 a factor of 47868422?
True
Is 613 a factor of 744128056?
True
Does 41 divide 493974317?
False
Is 26027148 a multiple of 42?
True
Does 211 divide 76145258?
True
Does 91 divide 745717973?
True
Is 124608212 a multiple of 293?
True
Does 97 divide 177979124?
False
Is 387578306 a multiple of 62?
True
Is 68 a factor of 35921227?
False
Does 14 divide 12292084?
True
Is 82819492 a multiple of 28?
True
Does 176 divide 401712608?
True
Does 35 divide 2040060155?
True
Is 1642685824 a multiple of 77?
False
Is 936440357 a multiple of 6353?
False
Is 5127814 a multiple of 2?
True
Does 88 divide 6306125196?
False
Is 2455202559 a multiple of 4362?
False
Is 5518270 a multiple of 2?
True
Is 18713560 a multiple of 60?
False
Is 359389815 a multiple of 2265?
True
Is 260538311 a multiple of 127?
False
Is 267231525 a multiple of 3993?
True
Is 21967050 a multiple of 75?
True
Is 3 a factor of 8440971?
True
Is 57 a factor of 95663442?
True
Does 134 divide 62472115?
False
Is 125099497 a multiple of 1790?
False
Is 650 a factor of 133386614?
False
Is 14 a factor of 1068134279?
False
Is 5 a factor of 1866516950?
True
Does 65 divide 3469993688?
False
Is 146521325 a multiple of 125?
False
Does 20 divide 74612183?
False
Is 157778088 a multiple of 13?
True
Is 101 a factor of 921249745?
False
Is 56784521 a multiple of 299?
False
Is 356 a factor of 2625859235?
False
Does 172 divide 481324284?
True
Is 113161422 a multiple of 22?
True
Does 22 divide 691440212?
False
Is 5301027 a multiple of 297?
False
Is 766093 a multiple of 457?
False
Is 88219300 a multiple of 1995?
False
Does 2 divide 1512876?
True
Does 21 divide 24978793?
False
Is 26275545 a multiple of 115?
True
Is 1147098808 a multiple of 326?
True
Does 41 divide 513359852?
True
Is 6233248 a multiple of 28?
True
Does 3463 divide 106494176?
True
Is 4687 a factor of 1240527038?
True
Is 1123887 a multiple of 13?
False
Is 242599736 a multiple of 14?
False
Is 2367 a factor of 196534377?
True
Is 169 a factor of 721544148?
True
Is 3098287 a multiple of 10?
False
Is 3024 a factor of 220192560?
True
Is 1025 a factor of 96649300?
True
Is 2834 a factor of 234119574?
True
Is 13591989 a multiple of 19?
False
Is 35 a factor of 34686402?
False
Is 8503796 a multiple of 109?
False
Does 904 divide 1905632?
True
Does 428 divide 77710676?
True
Is 1713118180 a multiple of 1421?
False
Does 1460 divide 56285920?
True
Is 89284982 a multiple of 973?
False
Is 3 a factor of 238939172?
False
Is 38 a factor of 77186512?
True
Is 1155062964 a multiple of 44?
True
Does 7 divide 474570018?
False
Does 1494 divide 202883706?
True
Does 43 divide 151072760?
True
Does 106 divide 15251909?
False
Is 295 a factor of 12472305?
True
Does 18 divide 181408122?
True
Is 67 a factor of 1223728812?
False
Is 7 a factor of 277610284?
True
Is 4202 a factor of 3238312029?
False
Does 5073 divide 219980499?
True
Is 209021731 a multiple of 335?
False
Is 10 a factor of 26552948?
False
Does 38 divide 147558750?
True
Is 647496170 a multiple of 17?
True
Is 33412841 a multiple of 293?
True
Does 30 divide 177060409?
False
Is 1012424 a multiple of 56?
True
Does 163 divide 12727529?
True
Is 77098800 a multiple of 1175?
True
Is 863 a factor of 315985724?
True
Does 18 divide 8782004?
False
Does 1025 divide 221778534?
False
Is 815 a factor of 1424073950?
True
Is 549 a factor of 271349619?
False
Does 28 divide 582112336?
False
Is 81575984 a multiple of 67?
True
Does 18 divide 100516356?
True
Is 30186333 a multiple of 122?
False
Is 1103 a factor of 151141884?
True
Is 37 a factor of 34698856?
False
Is 6 a factor of 106524726?
True
Is 3 a factor of 446019?
True
Is 37 a factor of 552521?
True
Is 90686 a multiple of 65?
False
Does 74 divide 6459842?
False
Is 493398971 a multiple of 13?
True
Does 16 divide 1955862448?
True
Is 23 a factor of 146577574?
True
Does 115 divide 74517240?
True
Is 73927264 a multiple of 82?
True
Does 83 divide 69199590?
True
Is 597 a factor of 976131022?
False
Does 6 divide 447576381?
False
Is 87 a factor of 104168362?
False
Is 20 a factor of 92709238?
False
Is 6 a factor of 16602291?
False
Does 19 divide 3631071?
True
Does 226 divide 399469238?
True
Is 50475946 a multiple of 26?
False
Is 240554687 a multiple of 19?
True
Is 300 a factor of 103073700?
True
Does 138 divide 1634